{"id":64,"date":"2021-06-16T00:08:17","date_gmt":"2021-06-16T00:08:17","guid":{"rendered":"http:\/\/creations-ava.local\/?post_type=product&#038;p=64"},"modified":"2021-11-11T14:55:34","modified_gmt":"2021-11-11T14:55:34","slug":"the-project-board-wall-calendar-white-and-gold","status":"publish","type":"product","link":"https:\/\/www.creationsava.com\/fre\/product\/the-project-board-wall-calendar-white-and-gold\/","title":{"rendered":"TABLEAU DE PROJETS\u2122"},"content":{"rendered":"<p>Dimensions G\u00e9n\u00e9rales: 38\u00a0\u00bb Large X 25\u00a0\u00bb Haut<\/p>\n<p>&#8211; Carte Effacement \u00c0 Sec De Haute Qualit\u00e9<br \/>\n&#8211; Chic Sur N&rsquo;importe Quel Mur Et Conception Facile \u00c0 Cadrer<br \/>\n&#8211; Te Permet De Travailler Sur De Nombreux Projets \u00c0 La Fois<br \/>\n&#8211; Impression Double Face (Un C\u00f4t\u00e9 Pour 3 Projets, L&rsquo;autre C\u00f4t\u00e9 Pour 6)<br \/>\n&#8211; Viens Dans Un Tube De Protection<\/p>\n","protected":false},"excerpt":{"rendered":"<p>Calendrier mural<\/p>\n<p>Blanc et Or<\/p>\n","protected":false},"featured_media":65,"comment_status":"open","ping_status":"closed","template":"","meta":[],"product_cat":[17],"product_tag":[],"_links":{"self":[{"href":"https:\/\/www.creationsava.com\/fre\/wp-json\/wp\/v2\/product\/64"}],"collection":[{"href":"https:\/\/www.creationsava.com\/fre\/wp-json\/wp\/v2\/product"}],"about":[{"href":"https:\/\/www.creationsava.com\/fre\/wp-json\/wp\/v2\/types\/product"}],"replies":[{"embeddable":true,"href":"https:\/\/www.creationsava.com\/fre\/wp-json\/wp\/v2\/comments?post=64"}],"wp:featuredmedia":[{"embeddable":true,"href":"https:\/\/www.creationsava.com\/fre\/wp-json\/wp\/v2\/media\/65"}],"wp:attachment":[{"href":"https:\/\/www.creationsava.com\/fre\/wp-json\/wp\/v2\/media?parent=64"}],"wp:term":[{"taxonomy":"product_cat","embeddable":true,"href":"https:\/\/www.creationsava.com\/fre\/wp-json\/wp\/v2\/product_cat?post=64"},{"taxonomy":"product_tag","embeddable":true,"href":"https:\/\/www.creationsava.com\/fre\/wp-json\/wp\/v2\/product_tag?post=64"}],"curies":[{"name":"wp","href":"https:\/\/api.w.org\/{rel}","templated":true}]}}